069
What are the prime factors of 21509?
137, 157
What are the prime factors of 6629?
7, 947
List the prime factors of 4712.
2, 19, 31
What are the prime factors of 1195?
5, 239
What are the prime factors of 348?
2, 3, 29
List the prime factors of 883.
883
What are the prime factors of 109890?
2, 3, 5, 11, 37
List the prime factors of 18519.
3, 6173
List the prime factors of 805.
5, 7, 23
What are the prime factors of 2051?
7, 293
What are the prime factors of 26146?
2, 17, 769
List the prime factors of 1797.
3, 599
List the prime factors of 303.
3, 101
What are the prime factors of 888?
2, 3, 37
List the prime factors of 3384.
2, 3, 47
List the prime factors of 5419.
5419
What are the prime factors of 756?
2, 3, 7
What are the prime factors of 31257?
3, 23, 151
What are the prime factors of 80593?
83, 971
List the prime factors of 3463.
3463
What are the prime factors of 6230?
2, 5, 7, 89
List the prime factors of 3967.
3967
What are the prime factors of 750?
2, 3, 5
List the prime factors of 27277.
27277
List the prime factors of 87106.
2, 97, 449
List the prime factors of 48856.
2, 31, 197
What are the prime factors of 806?
2, 13, 31
List the prime factors of 1006.
2, 503
List the prime factors of 74518.
2, 19, 37, 53
List the prime factors of 1410.
2, 3, 5, 47
What are the prime factors of 8470?
2, 5, 7, 11
What are the prime factors of 1426?
2, 23, 31
List the prime factors of 11927.
11927
List the prime factors of 771.
3, 257
List the prime factors of 481.
13, 37
List the prime factors of 82154.
2, 41077
What are the prime factors of 891?
3, 11
List the prime factors of 48412.
2, 7, 13, 19
What are the prime factors of 4244?
2, 1061
List the prime factors of 3617.
3617
List the prime factors of 40580.
2, 5, 2029
List the prime factors of 3732.
2, 3, 311
What are the prime factors of 8743?
7, 1249
List the prime factors of 19692.
2, 3, 547
What are the prime factors of 2106?
2, 3, 13
List the prime factors of 786.
2, 3, 131
List the prime factors of 2343.
3, 11, 71
What are the prime factors of 111?
3, 37
List the prime factors of 313.
313
What are the prime factors of 318?
2, 3, 53
List the prime factors of 1866.
2, 3, 311
List the prime factors of 75326.
2, 37663
What are the prime factors of 44332?
2, 11083
What are the prime factors of 3503?
31, 113
What are the prime factors of 2501?
41, 61
List the prime factors of 2410.
2, 5, 241
List the prime factors of 2091.
3, 17, 41
What are the prime factors of 5650?
2, 5, 113
List the prime factors of 432.
2, 3
List the prime factors of 9641.
31, 311
What are the prime factors of 1599?
3, 13, 41
List the prime factors of 5168.
2, 17, 19
What are the prime factors of 917?
7, 131
List the prime factors of 195958.
2, 7, 13997
List the prime factors of 6914.
2, 3457
What are the prime factors of 451?
11, 41
List the prime factors of 13633.
13633
What are the prime factors of 2078?
2, 1039
List the prime factors of 26783.
26783
List the prime factors of 73158.
2, 3, 89, 137
What are the prime factors of 27521?
13, 29, 73
What are the prime factors of 570?
2, 3, 5, 19
What are the prime factors of 2990?
2, 5, 13, 23
What are the prime factors of 1252?
2, 313
List the prime factors of 16320.
2, 3, 5, 17
List the prime factors of 45787.
7, 31, 211
What are the prime factors of 144?
2, 3
List the prime factors of 85326.
2, 3, 14221
List the prime factors of 38391.
3, 67, 191
List the prime factors of 1006.
2, 503
List the prime factors of 185.
5, 37
What are the prime factors of 506?
2, 11, 23
List the prime factors of 456.
2, 3, 19
What are the prime factors of 41426?
2, 7, 11, 269
List the prime factors of 1890.
2, 3, 5, 7
List the prime factors of 583.
11, 53
List the prime factors of 805.
5, 7, 23
What are the prime factors of 19252?
2, 4813
What are the prime factors of 2380?
2, 5, 7, 17
List the prime factors of 15671.
15671
List the prime factors of 7589.
7589
List the prime factors of 11774.
2, 7, 29
What are the prime factors of 73964?
2, 11, 41
What are the prime factors of 10418?
2, 5209
What are the prime factors of 3785?
5, 757
List the prime factors of 47480.
2, 5, 1187
What are the prime factors of 17075?
5, 683
What are the prime factors of 2227?
17, 131
What are the prime factors of 71?
71
What are the prime factors of 127762?
2, 127, 503
List the prime factors of 144702.
2, 3, 8039
What are the prime factors of 31190?
2, 5, 3119
List the prime factors of 17968.
2, 1123
What are the prime factors of 6759?
3, 751
What are the prime factors of 1560?
2, 3, 5, 13
What are the prime factors of 1879?
1879
What are the prime factors of 8985?
3, 5, 599
List the prime factors of 3705.
3, 5, 13, 19
What are the prime factors of 5206?
2, 19, 137
What are the prime factors of 82700?
2, 5, 827
What are the prime factors of 8918?
2, 7, 13
What are the prime factors of 16178?
2, 8089
List the prime factors of 9997.
13, 769
List the prime factors of 7045.
5, 1409
List the prime factors of 21112.
2, 7, 13, 29
What are the prime factors of 498?
2, 3, 83
What are the prime factors of 1644?
2, 3, 137
What are the prime factors of 9801?
3, 11
List the prime factors of 210.
2, 3, 5, 7
List the prime factors of 700.
2, 5, 7
What are the prime factors of 3989?
3989
List the prime factors of 1630.
2, 5, 163
List the prime factors of 12533.
83, 151
What are the prime factors of 606?
2, 3, 101
What are the prime factors of 33292?
2, 7, 29, 41
List the prime factors of 42714.
2, 3, 7, 113
What are the prime factors of 1024?
2
What are the prime factors of 1267?
7, 181
List the prime factors of 76.
2, 19
What are the prime factors of 1181?
1181
List the prime factors of 33299.
7, 67, 71
List the prime factors of 4360.
2, 5, 109
What are the prime factors of 4939?
11, 449
List the prime factors of 12713.
12713
List the prime factors of 18014.
2, 9007
List the prime factors of 7581.
3, 7, 19
List the prime factors of 1123.
1123
What are the prime factors of 6734?
2, 7, 13, 37
What are the prime factors of 1057?
7, 151
What are the prime factors of 27136?
2, 53
List the prime factors of 7852.
2, 13, 151
List the prime factors of 22431.
3, 7477
What are the prime factors of 21217?
7, 433
List the prime factors of 7890.
2, 3, 5, 263
What are the prime factors of 3121?
3121
What are the prime factors of 569?
569
List the prime factors of 21643.
23, 941
What are the prime factors of 7173?
3, 797
What are the prime factors of 16239?
3, 5413
What are the prime factors of 362?
2, 181
What are the prime factors of 35956?
2, 89, 101
List the prime factors of 31509.
3, 389
What are the prime factors of 39750?
2, 3, 5, 53
What are the prime factors of 9538?
2, 19, 251
List the prime factors of 1951.
1951
List the prime factors of 658.
2, 7, 47
What are the prime factors of 705?
3, 5, 47
What are the prime factors of 36696?
2, 3, 11, 139
What are the prime factors of 101686?
2, 13, 3911
List the prime factors of 15572.
2, 17, 229
List the prime factors of 1806.
2, 3, 7, 43
List the prime factors of 15035.
5, 31, 97
What are the prime factors of 2420?
2, 5, 11
What are the prime factors of 1642?
2, 821
List the prime factors of 127618.
2, 63809
List the prime factors of 4942.
2, 7, 353
List the prime factors of 19256.
2, 29, 83
List the prime factors of 17872.
2, 1117
What are the prime factors of 8964?
2, 3, 83
What are the prime factors of 20163?
3, 11, 13, 47
What are the prime factors of 842?
2, 421
List the prime factors of 1597.
1597
List the prime factors of 63999.
3, 13, 547
What are the prime factors of 10068?
2, 3, 839
What are the prime factors of 413?
7, 59
What are the prime factors of 40677?
3, 7, 13, 149
What are the prime factors of 41484?
2, 3, 3457
List the prime factors of 45977.
23, 1999
List the prime factors of 4026.
2, 3, 11, 61
What are the prime factors of 4817?
4817
What are the prime factors of 2601?
3, 17
What are the prime factors of 33074?
2, 23, 719
What are the prime factors of 19948?
2, 4987
List the prime factors of 4345.
5, 11, 79
List the prime factors of 493.
17, 29
What are the prime factors of 8024?
2, 17, 59
What are the prime factors of 12870?
2, 3, 5, 11, 13
What are the prime factors of 5816?
2, 727
What are the prime factors of 3781?
19, 199
List the prime factors of 160618.
2, 8